the units digit of 415242561?
1
What is the ten millions digit of 12081791?
1
What is the thousands digit of 149732770?
2
What is the millions digit of 300755787?
0
What is the millions digit of 72861770?
2
What is the tens digit of 11248248?
4
What is the ten thousands digit of 34412850?
1
What is the hundred thousands digit of 3405722602?
7
What is the tens digit of 6015196751?
5
What is the ten thousands digit of 45498426?
9
What is the thousands digit of 2328404787?
4
What is the millions digit of 271604785?
1
What is the tens digit of 1402178227?
2
What is the thousands digit of 231021953?
1
What is the millions digit of 384315457?
4
What is the tens digit of 950730414?
1
What is the tens digit of 139317845?
4
What is the hundred thousands digit of 623541374?
5
What is the units digit of 1661463141?
1
What is the tens digit of 532571728?
2
What is the hundreds digit of 6898851662?
6
What is the thousands digit of 7273094?
3
What is the hundred thousands digit of 42964825?
9
What is the ten millions digit of 1819491729?
1
What is the units digit of 76943502?
2
What is the thousands digit of 35128514?
8
What is the ten thousands digit of 258130427?
3
What is the units digit of 237693351?
1
What is the hundred thousands digit of 248263642?
2
What is the hundred millions digit of 128815211?
1
What is the hundreds digit of 4409713119?
1
What is the hundred millions digit of 2179089528?
1
What is the hundred thousands digit of 250962618?
9
What is the tens digit of 85586134?
3
What is the ten millions digit of 1748696187?
4
What is the ten millions digit of 14817077?
1
What is the units digit of 75218887?
7
What is the millions digit of 676155487?
6
What is the tens digit of 850472881?
8
What is the ten thousands digit of 274091446?
9
What is the units digit of 71431891?
1
What is the units digit of 34618366?
6
What is the thousands digit of 231509834?
9
What is the hundreds digit of 1960480057?
0
What is the hundred millions digit of 582097024?
5
What is the millions digit of 22556863?
2
What is the hundreds digit of 660646491?
4
What is the hundred thousands digit of 1339084014?
0
What is the hundreds digit of 21423795?
7
What is the ten thousands digit of 19782598?
8
What is the millions digit of 1610741857?
0
What is the units digit of 196332448?
8
What is the hundred thousands digit of 616802430?
8
What is the hundred millions digit of 1925114944?
9
What is the tens digit of 1693640818?
1
What is the tens digit of 1038865236?
3
What is the ten thousands digit of 572173340?
7
What is the units digit of 1296192424?
4
What is the hundreds digit of 627059969?
9
What is the tens digit of 750682953?
5
What is the hundreds digit of 31516661?
6
What is the tens digit of 29873673?
7
What is the ten thousands digit of 229303621?
0
What is the ten millions digit of 24399099?
2
What is the thousands digit of 4112911166?
1
What is the hundred thousands digit of 123901381?
9
What is the thousands digit of 1737756583?
6
What is the thousands digit of 923789700?
9
What is the hundred thousands digit of 615053369?
0
What is the hundred millions digit of 1487557501?
4
What is the ten thousands digit of 336593843?
9
What is the hundred millions digit of 187640652?
1
What is the units digit of 720059036?
6
What is the ten thousands digit of 183340617?
4
What is the millions digit of 559204690?
9
What is the millions digit of 1962033264?
2
What is the tens digit of 76473351?
5
What is the tens digit of 14365275?
7
What is the ten millions digit of 1387632752?
8
What is the millions digit of 2278648791?
8
What is the millions digit of 692660986?
2
What is the thousands digit of 81576193?
6
What is the hundred thousands digit of 2599141?
5
What is the hundreds digit of 20320864?
8
What is the thousands digit of 133275563?
5
What is the hundred millions digit of 102430352?
1
What is the tens digit of 406924386?
8
What is the millions digit of 19357149?
9
What is the thousands digit of 49221591?
1
What is the ten thousands digit of 22047738?
4
What is the thousands digit of 41763467?
3
What is the hundreds digit of 145488638?
6
What is the hundred millions digit of 322457797?
3
What is the ten thousands digit of 93980405?
8
What is the hundred millions digit of 142489849?
1
What is the ten millions digit of 743220202?
4
What is the millions digit of 5081544?
5
What is the ten millions digit of 45099026?
4
What is the hundred millions digit of 402556797?
4
What is the ten millions digit of 711648934?
1
What is the millions digit of 5187193479?
7
What is the hundred thousands digit of 41030525?
0
What is the ten thousands digit of 52122583?
2
What is the thousands digit of 1549373634?
3
What is the thousands digit of 1212748784?
8
What is the hundreds digit of 21877301?
3
What is the hundred millions digit of 303995025?
3
What is the ten millions digit of 1622474735?
2
What is the hundred thousands digit of 8182141?
1
What is the thousands digit of 526161909?
1
What is the tens digit of 73087552?
5
What is the hundred thousands digit of 141755280?
7
What is the units digit of 690629295?
5
What is the ten thousands digit of 1972744171?
4
What is the tens digit of 197528178?
7
What is the hundred thousands digit of 94552422?
5
What is the hundred thousands digit of 1455737520?
7
What is the hundred thousands digit of 533365722?
3
What is the millions digit of 31246343?
1
What is the ten thousands digit of 293401292?
0
What is the hundred thousands digit of 191838653?
8
What is the tens digit of 81767054?
5
What is the ten thousands digit of 60073482?
7
What is the hundred thousands digit of 36457132?
4
What is the thousands digit of 285846739?
6
What is the ten thousands digit of 106613345?
1
What is the hundred thousands digit of 197665460?
6
What is the ten millions digit of 1296353538?
9
What is the billions digit of 2929301769?
2
What is the tens digit of 608673578?
7
What is the hundred thousands digit of 72293745?
2
What is the ten millions digit of 1537257216?
3
What is the ten thousands digit of 90797154?
9
What is the units digit of 55552688?
8
What is the hundreds digit of 30416241?
2
What is the ten thousands digit of 3370225453?
2
What is the thousands digit of 803228759?
8
What is the tens digit of 1045219671?
7
What is the millions digit of 145927167?
5
What is the units digit of 71935753?
3
What is the millions digit of 9424511?
9
What is the millions digit of 631032958?
1
What is the millions digit of 564872564?
4
What is the thousands digit of 74034878?
4
What is the millions digit of 274473045?
4
What is the hundred millions digit of 130644036?
1
What is the units digit of 503814292?
2
What is the units digit of 267080801?
1
What is the millions digit of 269707265?
9
What is the hundred millions digit of 131198909?
1
What is the tens digit of 318148625?
2
What is the millions digit of 122726861?
2
What is the millions digit of 430187863?
0
What is the ten millions digit of 4487919518?
8
What is the ten thousands digit of 47420489?
2
What is the tens digit of 82019063?
6
What is the ten thousands digit of 482667923?
6
What is the hundred millions digit of 290395856?
2
What is the hundred thousands digit of 1453192813?
1
What is the units digit of 201026725?
5
What is the tens digit of 203605838?
3
What is the units digit of 737647891?
1
What is the tens digit of 503409972?
7
What is the ten millions digit of 1084324494?
8
What is the hundred thousands digit of 102486700?
4
What is the hundreds digit of 67596105?
1
What is the units digit of 64934169?
9
What is the tens digit of 112853326?
2
What is the ten millions digit of 149955227?
4
What is the ten millions digit of 101706229?
0
What is the hundred thousands digit of 88001517?
0
What is the millions digit of 774832024?
4
What is the millions digit of 5995970870?
5
What is the hundreds digit of 778850686?
6
What is the tens digit of 4841051?
5
What is the ten millions digit of 52719398?
5
What is the ten thousands digit of 148443172?
4
What is the millions digit of 949034815?
9
What is the units digit of 8263066?
6
What is the hundreds digit of 230013990?
9
What is the hundred thousands digit of 36290694?
2
What is the ten thousands digit of 1792616503?
1
What is the hundreds digit of 57050486